{"id":18,"date":"2019-08-21T22:54:36","date_gmt":"2019-08-21T20:54:36","guid":{"rendered":"http:\/\/spmassagemedical.com\/?page_id=18"},"modified":"2022-04-21T09:49:55","modified_gmt":"2022-04-21T07:49:55","slug":"contact","status":"publish","type":"page","link":"https:\/\/spmassagemedical.com\/?page_id=18","title":{"rendered":"Contact"},"content":{"rendered":"<p><div class=\"fusion-fullwidth fullwidth-box nonhundred-percent-fullwidth non-hundred-percent-height-scrolling\"  style='background-color: rgba(255,255,255,0);background-position: center center;background-repeat: no-repeat;padding-top:0px;padding-right:0px;padding-bottom:0px;padding-left:0px;margin-top: 150px;'><div class=\"fusion-builder-row fusion-row \"><div  class=\"fusion-layout-column fusion_builder_column fusion_builder_column_1_1 fusion-builder-column-1 fusion-one-full fusion-column-first fusion-column-last 1_1\"  style='margin-top:0px;margin-bottom:20px;'>\n\t\t\t\t\t<div class=\"fusion-column-wrapper\" style=\"padding: 0px 0px 0px 0px;background-position:left top;background-repeat:no-repeat;-webkit-background-size:cover;-moz-background-size:cover;-o-background-size:cover;background-size:cover;\"   data-bg-url=\"\">\n\t\t\t\t\t\t<div class=\"fusion-title title fusion-title-1 fusion-sep-none fusion-title-center fusion-title-size-one\" style=\"margin-top:0px;margin-bottom:31px;\"><h1 class=\"title-heading-center\" style=\"margin:0;color:#448477;\"><h1 style=\"text-align: center;\"><span style=\"color: #448477;\">Contactez-moi pour une s\u00e9ance<\/span><\/h1><\/h1><\/div><div class=\"fusion-clearfix\"><\/div>\n\n\t\t\t\t\t<\/div>\n\t\t\t\t<\/div><\/div><\/div><div class=\"fusion-fullwidth fullwidth-box nonhundred-percent-fullwidth non-hundred-percent-height-scrolling\"  style='background-color: rgba(255,255,255,0);background-position: center center;background-repeat: no-repeat;padding-top:0px;padding-right:0px;padding-bottom:0px;padding-left:0px;'><div class=\"fusion-builder-row fusion-row \"><div  class=\"fusion-layout-column fusion_builder_column fusion_builder_column_1_2 fusion-builder-column-2 fusion-one-half fusion-column-first 1_2\"  style='margin-top:0px;margin-bottom:20px;width:50%;width:calc(50% - ( ( 4% ) * 0.5 ) );margin-right: 4%;'>\n\t\t\t\t\t<div class=\"fusion-column-wrapper\" style=\"padding: 0px 0px 0px 0px;background-position:left top;background-repeat:no-repeat;-webkit-background-size:cover;-moz-background-size:cover;-o-background-size:cover;background-size:cover;\"   data-bg-url=\"\">\n\t\t\t\t\t\t<div class=\"fusion-text\"><div class=\"wpforms-container wpforms-container-full\" id=\"wpforms-588\"><form id=\"wpforms-form-588\" class=\"wpforms-validate wpforms-form\" data-formid=\"588\" method=\"post\" enctype=\"multipart\/form-data\" action=\"\/index.php?rest_route=%2Fwp%2Fv2%2Fpages%2F18\" data-token=\"7cd134f4e365d271eda8dc7dfcee70f4\" data-token-time=\"1778069387\"><noscript class=\"wpforms-error-noscript\">Please enable JavaScript in your browser to complete this form.<\/noscript><div class=\"wpforms-field-container\"><div id=\"wpforms-588-field_0-container\" class=\"wpforms-field wpforms-field-name\" data-field-id=\"0\"><label class=\"wpforms-field-label\" for=\"wpforms-588-field_0\">Nom et Pr\u00e9nom <span class=\"wpforms-required-label\">*<\/span><\/label><input type=\"text\" id=\"wpforms-588-field_0\" class=\"wpforms-field-medium wpforms-field-required\" name=\"wpforms[fields][0]\" required><\/div><div id=\"wpforms-588-field_1-container\" class=\"wpforms-field wpforms-field-email\" data-field-id=\"1\"><label class=\"wpforms-field-label\" for=\"wpforms-588-field_1\">E-mail <span class=\"wpforms-required-label\">*<\/span><\/label><input type=\"email\" id=\"wpforms-588-field_1\" class=\"wpforms-field-medium wpforms-field-required\" name=\"wpforms[fields][1]\" spellcheck=\"false\" required><\/div><div id=\"wpforms-588-field_4-container\" class=\"wpforms-field wpforms-field-number\" data-field-id=\"4\"><label class=\"wpforms-field-label\" for=\"wpforms-588-field_4\">Num\u00e9ro de t\u00e9l\u00e9phone<\/label><input type=\"number\" id=\"wpforms-588-field_4\" class=\"wpforms-field-medium\" name=\"wpforms[fields][4]\" step=\"any\" ><\/div><div id=\"wpforms-588-field_2-container\" class=\"wpforms-field wpforms-field-textarea\" data-field-id=\"2\"><label class=\"wpforms-field-label\" for=\"wpforms-588-field_2\">Votre message <span class=\"wpforms-required-label\">*<\/span><\/label><textarea id=\"wpforms-588-field_2\" class=\"wpforms-field-medium wpforms-field-required\" name=\"wpforms[fields][2]\" required><\/textarea><\/div><\/div><!-- .wpforms-field-container --><div class=\"wpforms-field wpforms-field-hp\"><label for=\"wpforms-588-field-hp\" class=\"wpforms-field-label\">Website<\/label><input type=\"text\" name=\"wpforms[hp]\" id=\"wpforms-588-field-hp\" class=\"wpforms-field-medium\"><\/div><div class=\"wpforms-submit-container\" ><input type=\"hidden\" name=\"wpforms[id]\" value=\"588\"><input type=\"hidden\" name=\"page_title\" value=\"\"><input type=\"hidden\" name=\"page_url\" value=\"https:\/\/spmassagemedical.com\/index.php?rest_route=\/wp\/v2\/pages\/18\"><input type=\"hidden\" name=\"url_referer\" value=\"\"><button type=\"submit\" name=\"wpforms[submit]\" id=\"wpforms-submit-588\" class=\"wpforms-submit\" data-alt-text=\"En cours d&#039;envoi...\" data-submit-text=\"Envoyer\" aria-live=\"assertive\" value=\"wpforms-submit\">Envoyer<\/button><\/div><\/form><\/div>  <!-- .wpforms-container -->\n<\/div><div class=\"fusion-clearfix\"><\/div>\n\n\t\t\t\t\t<\/div>\n\t\t\t\t<\/div><div  class=\"fusion-layout-column fusion_builder_column fusion_builder_column_1_2 fusion-builder-column-3 fusion-one-half fusion-column-last 1_2\"  style='margin-top:50px;margin-bottom:20px;width:50%;width:calc(50% - ( ( 4% ) * 0.5 ) );'>\n\t\t\t\t\t<div class=\"fusion-column-wrapper\" style=\"padding: 0px 0px 0px 0px;background-position:left top;background-repeat:no-repeat;-webkit-background-size:cover;-moz-background-size:cover;-o-background-size:cover;background-size:cover;\"   data-bg-url=\"\">\n\t\t\t\t\t\t<a class=\"fusion-modal-text-link\" href=\"#\"><iframe loading=\"lazy\" style=\"border: 0;\" src=\"https:\/\/www.google.com\/maps\/embed?pb=!1m18!1m12!1m3!1d2752.384939059806!2d6.233753815588415!3d46.38158977912248!2m3!1f0!2f0!3f0!3m2!1i1024!2i768!4f13.1!3m3!1m2!1s0x478c42d9dee39d83%3A0x2a3fbf13e4174170!2sRue%20de%20la%20Combe%2023%2C%201260%20Nyon!5e0!3m2!1sfr!2sch!4v1621948594147!5m2!1sfr!2sch\" width=\"600\" height=\"450\" allowfullscreen=\"allowfullscreen\"><\/iframe><\/a><div class=\"fusion-clearfix\"><\/div>\n\n\t\t\t\t\t<\/div>\n\t\t\t\t<\/div><\/div><\/div><div class=\"fusion-fullwidth fullwidth-box nonhundred-percent-fullwidth non-hundred-percent-height-scrolling\"  style='background-color: rgba(255,255,255,0);background-position: center center;background-repeat: no-repeat;padding-top:0px;padding-right:0px;padding-bottom:0px;padding-left:0px;'><div class=\"fusion-builder-row fusion-row \"><div  class=\"fusion-layout-column fusion_builder_column fusion_builder_column_1_3 fusion-builder-column-4 fusion-one-third fusion-column-first 1_3\"  style='margin-top:0px;margin-bottom:20px;width:33.33%;width:calc(33.33% - ( ( 4% ) * 0.3333 ) );margin-right: 4%;'>\n\t\t\t\t\t<div class=\"fusion-column-wrapper\" style=\"padding: 0px 0px 0px 0px;background-position:left top;background-repeat:no-repeat;-webkit-background-size:cover;-moz-background-size:cover;-o-background-size:cover;background-size:cover;\"   data-bg-url=\"\">\n\t\t\t\t\t\t<div class=\"fusion-title title fusion-title-2 fusion-sep-none fusion-title-center fusion-title-size-three\" style=\"margin-top:0px;margin-bottom:31px;\"><h3 class=\"title-heading-center\" style=\"margin:0;color:#448477;\"><h3 style=\"text-align: center;\"><span style=\"color: #448477;\">Adresse du cabinet<\/span><\/h3><\/h3><\/div><div class=\"fusion-text\"><p><strong><span style=\"color: #339966;\">S\u00e9verine Pelichet Massage M\u00e9dical<\/span><\/strong><br \/>\n<strong><span style=\"color: #339966;\">Rue de la Combe<em> 23<\/em><\/span><\/strong><br \/>\n<strong><span style=\"color: #339966;\">1260 Nyon<\/span><\/strong><\/p>\n<p><span style=\"color: #339966;\"><em>Au cabinet de Physioth\u00e9rapie<\/em><\/span><br \/>\n<span style=\"color: #339966;\"><em>J\u00e9r\u00f4me Divorne<\/em><\/span><\/p>\n<p><em>En voiture:<\/em><br \/>\nParking: Migros la Combe<br \/>\nLe cabinet est \u00e0 2 minutes \u00e0 pied depuis le parking du centre commercial<\/p>\n<p><em>En transports publics:\u00a0<\/em><br \/>\nLe cabinet est \u00e0 5 minutes \u00e0 pied de<br \/>\nla gare CFF<\/p>\n<\/div><div class=\"fusion-clearfix\"><\/div>\n\n\t\t\t\t\t<\/div>\n\t\t\t\t<\/div><div  class=\"fusion-layout-column fusion_builder_column fusion_builder_column_1_3 fusion-builder-column-5 fusion-one-third fusion-column-last 1_3\"  style='margin-top:0px;margin-bottom:20px;width:33.33%;width:calc(33.33% - ( ( 4% ) * 0.3333 ) );'>\n\t\t\t\t\t<div class=\"fusion-column-wrapper\" style=\"padding: 0px 0px 0px 0px;background-position:left top;background-repeat:no-repeat;-webkit-background-size:cover;-moz-background-size:cover;-o-background-size:cover;background-size:cover;\"   data-bg-url=\"\">\n\t\t\t\t\t\t<div class=\"fusion-title title fusion-title-3 fusion-sep-none fusion-title-center fusion-title-size-three\" style=\"margin-top:0px;margin-bottom:31px;\"><h3 class=\"title-heading-center\" style=\"margin:0;color:#448477;\"><h3 style=\"text-align: center;\"><span style=\"color: #448477;\">Adresse de correspondance<\/span><\/h3><\/h3><\/div><div class=\"fusion-text\"><p style=\"text-align: right;\">S\u00e9verine Pelichet Massage M\u00e9dical<br \/>\nChemin des Persi\u00e8res 2<br \/>\n1268 Begnins<\/p>\n<\/div><div class=\"fusion-title title fusion-title-4 fusion-sep-none fusion-title-center fusion-title-size-three\" style=\"margin-top:0px;margin-bottom:31px;\"><h3 class=\"title-heading-center\" style=\"margin:0;color:#448477;\"><\/h3><\/div><div class=\"fusion-text\"><\/div><div class=\"fusion-clearfix\"><\/div>\n\n\t\t\t\t\t<\/div>\n\t\t\t\t<\/div><\/div><\/div><div class=\"fusion-fullwidth fullwidth-box nonhundred-percent-fullwidth non-hundred-percent-height-scrolling\"  style='background-color: rgba(255,255,255,0);background-position: center center;background-repeat: no-repeat;padding-top:0px;padding-right:0px;padding-bottom:0px;padding-left:0px;margin-top: 50px;'><div class=\"fusion-builder-row fusion-row \"><div  class=\"fusion-layout-column fusion_builder_column fusion_builder_column_1_1 fusion-builder-column-6 fusion-one-full fusion-column-first fusion-column-last 1_1\"  style='margin-top:0px;margin-bottom:20px;'>\n\t\t\t\t\t<div class=\"fusion-column-wrapper\" style=\"padding: 0px 0px 0px 0px;background-position:left top;background-repeat:no-repeat;-webkit-background-size:cover;-moz-background-size:cover;-o-background-size:cover;background-size:cover;\"   data-bg-url=\"\">\n\t\t\t\t\t\t<div class=\"fusion-text\"><p>Remarques :<br \/>\nJe parle fran\u00e7ais, anglais et espagnol<\/p>\n<p>Avertissement :<br \/>\nAucun massage \u00e0 caract\u00e8re sexuel n\u2019est pratiqu\u00e9 ici.<\/p>\n<\/div><div class=\"fusion-clearfix\"><\/div>\n\n\t\t\t\t\t<\/div>\n\t\t\t\t<\/div><\/div><\/div><div class=\"fusion-fullwidth fullwidth-box fusion-blend-mode nonhundred-percent-fullwidth non-hundred-percent-height-scrolling\"  style='background-color: rgba(24,122,109,0.52);background-position: center center;background-repeat: no-repeat;padding-top:20px;padding-right:0px;padding-bottom:0px;padding-left:0px;margin-bottom: 10px;margin-top: 0px;'><div class=\"fusion-builder-row fusion-row \"><div  class=\"fusion-layout-column fusion_builder_column fusion_builder_column_1_4 fusion-builder-column-7 fusion-one-fourth fusion-column-first 1_4\"  style='margin-top:0px;margin-bottom:20px;width:25%;width:calc(25% - ( ( 4% + 4% + 4% ) * 0.25 ) );margin-right: 4%;'>\n\t\t\t\t\t<div class=\"fusion-column-wrapper\" style=\"padding: 0px 0px 0px 0px;background-position:left top;background-repeat:no-repeat;-webkit-background-size:cover;-moz-background-size:cover;-o-background-size:cover;background-size:cover;\"   data-bg-url=\"\">\n\t\t\t\t\t\t<span class=\"fusion-imageframe imageframe-none imageframe-1 hover-type-none\"><a class=\"fusion-no-lightbox\" href=\"https:\/\/oda-mm.ch\/fr\/startseite-franz\/\" target=\"_self\" aria-label=\"Sans-titre-1\"><img loading=\"lazy\" decoding=\"async\" src=\"https:\/\/spmassagemedical.com\/wp-content\/uploads\/2019\/12\/Sans-titre-1.png\" width=\"150\" height=\"150\" alt=\"\" class=\"img-responsive wp-image-556\" srcset=\"https:\/\/spmassagemedical.com\/wp-content\/uploads\/2019\/12\/Sans-titre-1-66x66.png 66w, https:\/\/spmassagemedical.com\/wp-content\/uploads\/2019\/12\/Sans-titre-1.png 150w\" sizes=\"auto, (max-width: 150px) 100vw, 150px\" \/><\/a><\/span><div class=\"fusion-sep-clear\"><\/div><div class=\"fusion-separator sep-none\" style=\"margin-left: auto;margin-right: auto;margin-top:5px;margin-bottom:5px;width:100%;max-width:250px;\"><\/div><span class=\"fusion-imageframe imageframe-none imageframe-2 hover-type-none\"><a class=\"fusion-no-lightbox\" href=\"https:\/\/oda-mm.ch\/fr\/startseite-franz\/\" target=\"_self\" aria-label=\"okkkss\"><img loading=\"lazy\" decoding=\"async\" src=\"http:\/\/spmassagemedical.com\/wp-content\/uploads\/2019\/10\/okkkss.png\" width=\"150\" height=\"150\" alt=\"\" class=\"img-responsive wp-image-453\" srcset=\"https:\/\/spmassagemedical.com\/wp-content\/uploads\/2019\/10\/okkkss-66x66.png 66w, https:\/\/spmassagemedical.com\/wp-content\/uploads\/2019\/10\/okkkss.png 150w\" sizes=\"auto, (max-width: 150px) 100vw, 150px\" \/><\/a><\/span><div class=\"fusion-clearfix\"><\/div>\n\n\t\t\t\t\t<\/div>\n\t\t\t\t<\/div><div  class=\"fusion-layout-column fusion_builder_column fusion_builder_column_1_4 fusion-builder-column-8 fusion-one-fourth 1_4\"  style='margin-top:0px;margin-bottom:20px;width:25%;width:calc(25% - ( ( 4% + 4% + 4% ) * 0.25 ) );margin-right: 4%;'>\n\t\t\t\t\t<div class=\"fusion-column-wrapper\" style=\"padding: 0px 0px 0px 0px;background-position:left top;background-repeat:no-repeat;-webkit-background-size:cover;-moz-background-size:cover;-o-background-size:cover;background-size:cover;\"   data-bg-url=\"\">\n\t\t\t\t\t\t<span class=\"fusion-imageframe imageframe-none imageframe-3 hover-type-none\"><a class=\"fusion-no-lightbox\" href=\"https:\/\/oda-mm.ch\/fr\/startseite-franz\/\" target=\"_self\" aria-label=\"Sans-titre-1\"><img loading=\"lazy\" decoding=\"async\" src=\"https:\/\/spmassagemedical.com\/wp-content\/uploads\/2021\/07\/Sans-titre-1-1.png\" width=\"150\" height=\"150\" alt=\"\" class=\"img-responsive wp-image-638\" srcset=\"https:\/\/spmassagemedical.com\/wp-content\/uploads\/2021\/07\/Sans-titre-1-1-66x66.png 66w, https:\/\/spmassagemedical.com\/wp-content\/uploads\/2021\/07\/Sans-titre-1-1.png 150w\" sizes=\"auto, (max-width: 150px) 100vw, 150px\" \/><\/a><\/span><div class=\"fusion-sep-clear\"><\/div><div class=\"fusion-separator sep-none\" style=\"margin-left: auto;margin-right: auto;margin-top:5px;margin-bottom:5px;width:100%;max-width:250px;\"><\/div><span class=\"fusion-imageframe imageframe-none imageframe-4 hover-type-none\"><a class=\"fusion-no-lightbox\" href=\"https:\/\/oda-mm.ch\/fr\/startseite-franz\/\" target=\"_self\" aria-label=\"Sans-titre-1\"><img loading=\"lazy\" decoding=\"async\" src=\"https:\/\/spmassagemedical.com\/wp-content\/uploads\/2021\/07\/Sans-titre-1.png\" width=\"150\" height=\"150\" alt=\"\" class=\"img-responsive wp-image-637\" srcset=\"https:\/\/spmassagemedical.com\/wp-content\/uploads\/2021\/07\/Sans-titre-1-66x66.png 66w, https:\/\/spmassagemedical.com\/wp-content\/uploads\/2021\/07\/Sans-titre-1.png 150w\" sizes=\"auto, (max-width: 150px) 100vw, 150px\" \/><\/a><\/span><div class=\"fusion-clearfix\"><\/div>\n\n\t\t\t\t\t<\/div>\n\t\t\t\t<\/div><div  class=\"fusion-layout-column fusion_builder_column fusion_builder_column_1_4 fusion-builder-column-9 fusion-one-fourth 1_4\"  style='margin-top:0px;margin-bottom:20px;width:25%;width:calc(25% - ( ( 4% + 4% + 4% ) * 0.25 ) );margin-right: 4%;'>\n\t\t\t\t\t<div class=\"fusion-column-wrapper\" style=\"padding: 0px 20px 0px 20px;background-position:left top;background-repeat:no-repeat;-webkit-background-size:cover;-moz-background-size:cover;-o-background-size:cover;background-size:cover;\"   data-bg-url=\"\">\n\t\t\t\t\t\t<div class=\"fusion-text\"><p>Horaires au cabinet<\/p>\n<p>Lundi: 9h15-17h15<br \/>\nMardi : 09h45-18h15<br \/>\nJeudi : 09h15-18h30<\/p>\n<p><strong>Contact<\/strong><br \/>\n<strong>+41 79 306 55 70<\/strong><br \/>\n<strong>s.pelichet@bluewin.ch<\/strong><\/p>\n<\/div><div class=\"fusion-clearfix\"><\/div>\n\n\t\t\t\t\t<\/div>\n\t\t\t\t<\/div><div  class=\"fusion-layout-column fusion_builder_column fusion_builder_column_1_4 fusion-builder-column-10 fusion-one-fourth fusion-column-last 1_4\"  style='margin-top:0px;margin-bottom:20px;width:25%;width:calc(25% - ( ( 4% + 4% + 4% ) * 0.25 ) );'>\n\t\t\t\t\t<div class=\"fusion-column-wrapper\" style=\"padding: 0px 0px 0px 0px;background-position:left top;background-repeat:no-repeat;-webkit-background-size:cover;-moz-background-size:cover;-o-background-size:cover;background-size:cover;\"   data-bg-url=\"\">\n\t\t\t\t\t\t<div class=\"fusion-text\"><p><span style=\"color: #333333;\"><a style=\"color: #333333;\" href=\"http:\/\/spmassagemedical.com\/\">Accueil<\/a><\/span><br \/>\n<span style=\"color: #333333;\"><a style=\"color: #333333;\" href=\"http:\/\/spmassagemedical.com\/?page_id=14\">A propos<\/a><\/span><br \/>\n<span style=\"color: #333333;\"><a style=\"color: #333333;\" href=\"http:\/\/spmassagemedical.com\/?page_id=12\">Massages<\/a><\/span><br \/>\n<span style=\"color: #333333;\"><a style=\"color: #333333;\" href=\"http:\/\/spmassagemedical.com\/?page_id=16\">Tarifs<\/a><\/span><br \/>\n<span style=\"color: #333333;\"><a style=\"color: #333333;\" href=\"http:\/\/spmassagemedical.com\/?page_id=18\">Contact<\/a><\/span><\/p>\n<\/div><div class=\"fusion-clearfix\"><\/div>\n\n\t\t\t\t\t<\/div>\n\t\t\t\t<\/div><div  class=\"fusion-layout-column fusion_builder_column fusion_builder_column_1_1 fusion-builder-column-11 fusion-one-full fusion-column-first fusion-column-last 1_1\"  style='margin-top:0px;margin-bottom:20px;'>\n\t\t\t\t\t<div class=\"fusion-column-wrapper\" style=\"padding: 0px 0px 0px 0px;background-position:left top;background-repeat:no-repeat;-webkit-background-size:cover;-moz-background-size:cover;-o-background-size:cover;background-size:cover;\"   data-bg-url=\"\">\n\t\t\t\t\t\t<div class=\"fusion-text\"><h2 style=\"text-align: center;\">Copyright \u00a9 Cazoule &#8211; Tous droits r\u00e9serv\u00e9s &#8211; 2019<\/h2>\n<\/div><div class=\"fusion-clearfix\"><\/div>\n\n\t\t\t\t\t<\/div>\n\t\t\t\t<\/div><\/div><\/div><\/p>\n","protected":false},"excerpt":{"rendered":"","protected":false},"author":1,"featured_media":0,"parent":0,"menu_order":0,"comment_status":"closed","ping_status":"closed","template":"100-width.php","meta":{"footnotes":""},"class_list":["post-18","page","type-page","status-publish","hentry"],"yoast_head":"<!-- This site is optimized with the Yoast SEO plugin v24.9 - https:\/\/yoast.com\/wordpress\/plugins\/seo\/ -->\n<title>Contactez-moi - S\u00e9verine Pelichet Massage M\u00e9dical<\/title>\n<meta name=\"description\" content=\"Vous d\u00e9sirez prendre soin de votre corps lors d&#039;une s\u00e9ance de massage th\u00e9rapeutique ? Contactez-moi pour vous faire masser dans la r\u00e9gion de Gland et Nyon.\" \/>\n<meta name=\"robots\" content=\"index, follow, max-snippet:-1, max-image-preview:large, max-video-preview:-1\" \/>\n<link rel=\"canonical\" href=\"https:\/\/spmassagemedical.com\/?page_id=18\" \/>\n<meta property=\"og:locale\" content=\"en_US\" \/>\n<meta property=\"og:type\" content=\"article\" \/>\n<meta property=\"og:title\" content=\"Contactez-moi - S\u00e9verine Pelichet Massage M\u00e9dical\" \/>\n<meta property=\"og:description\" content=\"Vous d\u00e9sirez prendre soin de votre corps lors d&#039;une s\u00e9ance de massage th\u00e9rapeutique ? Contactez-moi pour vous faire masser dans la r\u00e9gion de Gland et Nyon.\" \/>\n<meta property=\"og:url\" content=\"https:\/\/spmassagemedical.com\/?page_id=18\" \/>\n<meta property=\"og:site_name\" content=\"S\u00e9verine Pelichet Massage M\u00e9dical\" \/>\n<meta property=\"article:modified_time\" content=\"2022-04-21T07:49:55+00:00\" \/>\n<meta name=\"twitter:card\" content=\"summary_large_image\" \/>\n<meta name=\"twitter:label1\" content=\"Est. reading time\" \/>\n\t<meta name=\"twitter:data1\" content=\"7 minutes\" \/>\n<script type=\"application\/ld+json\" class=\"yoast-schema-graph\">{\"@context\":\"https:\/\/schema.org\",\"@graph\":[{\"@type\":\"WebPage\",\"@id\":\"https:\/\/spmassagemedical.com\/?page_id=18\",\"url\":\"https:\/\/spmassagemedical.com\/?page_id=18\",\"name\":\"Contactez-moi - S\u00e9verine Pelichet Massage M\u00e9dical\",\"isPartOf\":{\"@id\":\"https:\/\/spmassagemedical.com\/#website\"},\"datePublished\":\"2019-08-21T20:54:36+00:00\",\"dateModified\":\"2022-04-21T07:49:55+00:00\",\"description\":\"Vous d\u00e9sirez prendre soin de votre corps lors d'une s\u00e9ance de massage th\u00e9rapeutique ? Contactez-moi pour vous faire masser dans la r\u00e9gion de Gland et Nyon.\",\"breadcrumb\":{\"@id\":\"https:\/\/spmassagemedical.com\/?page_id=18#breadcrumb\"},\"inLanguage\":\"en-US\",\"potentialAction\":[{\"@type\":\"ReadAction\",\"target\":[\"https:\/\/spmassagemedical.com\/?page_id=18\"]}]},{\"@type\":\"BreadcrumbList\",\"@id\":\"https:\/\/spmassagemedical.com\/?page_id=18#breadcrumb\",\"itemListElement\":[{\"@type\":\"ListItem\",\"position\":1,\"name\":\"Home\",\"item\":\"https:\/\/spmassagemedical.com\/\"},{\"@type\":\"ListItem\",\"position\":2,\"name\":\"Contact\"}]},{\"@type\":\"WebSite\",\"@id\":\"https:\/\/spmassagemedical.com\/#website\",\"url\":\"https:\/\/spmassagemedical.com\/\",\"name\":\"S\u00e9verine Pelichet Massage M\u00e9dical\",\"description\":\"Prenez soin de vous avec une s\u00e9ance de massage th\u00e9rapeutique chez S\u00e9verine Pelichet Massage M\u00e9dical\",\"potentialAction\":[{\"@type\":\"SearchAction\",\"target\":{\"@type\":\"EntryPoint\",\"urlTemplate\":\"https:\/\/spmassagemedical.com\/?s={search_term_string}\"},\"query-input\":{\"@type\":\"PropertyValueSpecification\",\"valueRequired\":true,\"valueName\":\"search_term_string\"}}],\"inLanguage\":\"en-US\"}]}<\/script>\n<!-- \/ Yoast SEO plugin. -->","yoast_head_json":{"title":"Contactez-moi - S\u00e9verine Pelichet Massage M\u00e9dical","description":"Vous d\u00e9sirez prendre soin de votre corps lors d'une s\u00e9ance de massage th\u00e9rapeutique ? Contactez-moi pour vous faire masser dans la r\u00e9gion de Gland et Nyon.","robots":{"index":"index","follow":"follow","max-snippet":"max-snippet:-1","max-image-preview":"max-image-preview:large","max-video-preview":"max-video-preview:-1"},"canonical":"https:\/\/spmassagemedical.com\/?page_id=18","og_locale":"en_US","og_type":"article","og_title":"Contactez-moi - S\u00e9verine Pelichet Massage M\u00e9dical","og_description":"Vous d\u00e9sirez prendre soin de votre corps lors d'une s\u00e9ance de massage th\u00e9rapeutique ? Contactez-moi pour vous faire masser dans la r\u00e9gion de Gland et Nyon.","og_url":"https:\/\/spmassagemedical.com\/?page_id=18","og_site_name":"S\u00e9verine Pelichet Massage M\u00e9dical","article_modified_time":"2022-04-21T07:49:55+00:00","twitter_card":"summary_large_image","twitter_misc":{"Est. reading time":"7 minutes"},"schema":{"@context":"https:\/\/schema.org","@graph":[{"@type":"WebPage","@id":"https:\/\/spmassagemedical.com\/?page_id=18","url":"https:\/\/spmassagemedical.com\/?page_id=18","name":"Contactez-moi - S\u00e9verine Pelichet Massage M\u00e9dical","isPartOf":{"@id":"https:\/\/spmassagemedical.com\/#website"},"datePublished":"2019-08-21T20:54:36+00:00","dateModified":"2022-04-21T07:49:55+00:00","description":"Vous d\u00e9sirez prendre soin de votre corps lors d'une s\u00e9ance de massage th\u00e9rapeutique ? Contactez-moi pour vous faire masser dans la r\u00e9gion de Gland et Nyon.","breadcrumb":{"@id":"https:\/\/spmassagemedical.com\/?page_id=18#breadcrumb"},"inLanguage":"en-US","potentialAction":[{"@type":"ReadAction","target":["https:\/\/spmassagemedical.com\/?page_id=18"]}]},{"@type":"BreadcrumbList","@id":"https:\/\/spmassagemedical.com\/?page_id=18#breadcrumb","itemListElement":[{"@type":"ListItem","position":1,"name":"Home","item":"https:\/\/spmassagemedical.com\/"},{"@type":"ListItem","position":2,"name":"Contact"}]},{"@type":"WebSite","@id":"https:\/\/spmassagemedical.com\/#website","url":"https:\/\/spmassagemedical.com\/","name":"S\u00e9verine Pelichet Massage M\u00e9dical","description":"Prenez soin de vous avec une s\u00e9ance de massage th\u00e9rapeutique chez S\u00e9verine Pelichet Massage M\u00e9dical","potentialAction":[{"@type":"SearchAction","target":{"@type":"EntryPoint","urlTemplate":"https:\/\/spmassagemedical.com\/?s={search_term_string}"},"query-input":{"@type":"PropertyValueSpecification","valueRequired":true,"valueName":"search_term_string"}}],"inLanguage":"en-US"}]}},"_links":{"self":[{"href":"https:\/\/spmassagemedical.com\/index.php?rest_route=\/wp\/v2\/pages\/18","targetHints":{"allow":["GET"]}}],"collection":[{"href":"https:\/\/spmassagemedical.com\/index.php?rest_route=\/wp\/v2\/pages"}],"about":[{"href":"https:\/\/spmassagemedical.com\/index.php?rest_route=\/wp\/v2\/types\/page"}],"author":[{"embeddable":true,"href":"https:\/\/spmassagemedical.com\/index.php?rest_route=\/wp\/v2\/users\/1"}],"replies":[{"embeddable":true,"href":"https:\/\/spmassagemedical.com\/index.php?rest_route=%2Fwp%2Fv2%2Fcomments&post=18"}],"version-history":[{"count":63,"href":"https:\/\/spmassagemedical.com\/index.php?rest_route=\/wp\/v2\/pages\/18\/revisions"}],"predecessor-version":[{"id":672,"href":"https:\/\/spmassagemedical.com\/index.php?rest_route=\/wp\/v2\/pages\/18\/revisions\/672"}],"wp:attachment":[{"href":"https:\/\/spmassagemedical.com\/index.php?rest_route=%2Fwp%2Fv2%2Fmedia&parent=18"}],"curies":[{"name":"wp","href":"https:\/\/api.w.org\/{rel}","templated":true}]}}